s divided by g.
7
Suppose 0 = -2*m + 6*m + 32. Let a(o) = -o**2 - 9*o + 3. What is the remainder when a(m) is divided by 7?
4
Let x = -7 - -9. Suppose -20 = -3*o + x*o. Calculate the remainder when o is divided by 11.
9
Suppose 0 = 2*l + 3*l. Suppose 2*i - 6*i + 52 = l. Calculate the remainder when 38 is divided by i.
12
Calculate the remainder when 3/(6/62) + 1 is divided by 11.
10
Let x(w) = -w**2 + 16*w - 18. What is the remainder when x(12) is divided by 16?
14
Let q(z) = -z**2 - 5*z + 4. Let d be q(-5). Suppose d*n = 2*n + 16. What is the remainder when 29 is divided by n?
5
Let r = 23 + -11. Let j = r + -30. Let y = -11 - j. Calculate the remainder when 20 is divided by y.
6
Let l = 40 + -19. What is the remainder when l is divided by 8?
5
Let c(d) = -d**2 - 4*d - 2. Let k be c(-4). Let g(a) = 4*a**2 + 2*a - 2. What is the remainder when g(k) is divided by ((-6)/(-5))/((-2)/(-10))?
4
Let r = -5 - -10. Suppose -r*w + w = -164. What is the remainder when w is divided by 14?
13
Let w(s) = s**2 - 2*s + 100. Let u be w(0). Suppose -u = -3*t + 41. Calculate the remainder when t is divided by 12.
11
Suppose 3*a + 3*y - 6 + 0 = 0, 5*y = -15. Suppose -8*x = -3*x + 20, -a*s + 2*x = -473. Calculate the remainder when s is divided by 24.
21
Suppose 7*o - 105 = 98. Calculate the remainder when o is divided by 6.
5
Let n(q) = -3*q - 7. Suppose 24 = 3*m - 7*m. What is the remainder when 30 is divided by n(m)?
8
Suppose -4*b + 16 = x, 10 = 5*b - 5. Let q be (-42)/((-2)/(-6)*-1). Suppose -x*k + 22 = -q. What is the remainder when k is divided by 13?
11
What is the remainder when 16 is divided by -1 + (234/45)/((-2)/(-5))?
4
Let r(p) = -p**3 + 4*p**2 - 2*p + 5. Let t be r(4). Let o(l) be the first derivative of 2*l**3/3 + 4*l + 2. What is the remainder when o(t) is divided by 12?
10
Let o = -10 + 16. Let b(m) = 3*m**2 - m - 1. Let l be b(-1). Suppose -12 = -3*t, 63 = 5*j + 5*t - l*t. Calculate the remainder when j is divided by o.
5
Let v(f) = -32*f. Let k(b) = -b**2 + 5*b - 5. Let s be k(4). Calculate the remainder when v(s) is divided by 11.
10
Let k = 47 - 14. Suppose t - k = -1. What is the remainder when t is divided by 11?
10
Let q = 15 - 2. Calculate the remainder when 51 is divided by q.
12
Suppose -4*q + 2*q + 14 = 3*m, -5*q - 34 = -4*m. Suppose 3*x - m - 30 = 0. Let d = 13 - -21. What is the remainder when d is divided by x?
10
Suppose -4*b + 2*b = 50. Let j = b + 42. Calculate the remainder when j is divided by 6.
5
Let a(f) = -f**2 + 9*f - 1. What is the remainder when a(6) is divided by 2?
1
Let f(z) = -z**3 - 3*z**2 + z + 7. Calculate the remainder when f(-5) is divided by 18.
16
Let b = 3 - 1. Suppose -h - 5*m = -5, b*m + 46 = h + h. What is the remainder when 58 is divided by h?
18
Suppose 0 = -2*t + a + 10, -3*t - a = -9 - 6. Suppose 0 = 9*o - t*o - 12. What is the remainder when 8 is divided by o?
2
Let y(w) = -w**3 - 7*w**2 + 9*w + 7. Let p be y(-8). Let c(o) = -23*o**3 - o**2 + 1. Calculate the remainder when 89 is divided by c(p).
20
Let m(y) = y**2 + 6*y + 4. Let d be m(-5). What is the remainder when (-1 - d) + 1 + 43 is divided by 15?
14
Let d = -44 - -49. What is the remainder when 17 is divided by d?
2
Let m(v) = -v**3 - 5*v**2 - 4*v + 10. Suppose 0 = l + 2 + 3. Let q = 20 + -9. What is the remainder when m(l) is divided by q?
8
Let k(q) = -7*q - 3. Let r(g) = g**2 - g - 1. Let m(w) = k(w) + r(w). Calculate the remainder when 9 is divided by m(9).
4
Let s be (2 - 1)/((-3)/(-27)). Let g = s + -4. Suppose 3*v + 26 = 4*q + 78, g*v + 5*q - 145 = 0. Calculate the remainder when v is divided by 13.
11
Suppose -m + 2*c = 3, 3*m + 0*c = 4*c + 1. Let k = 9 + m. What is the remainder when 29 is divided by k?
13
Suppose -2*p - 5 + 15 = 0. Suppose -p*h + 8 = -12, u - 4*h = -12. What is the remainder when 14 is divided by u?
2
What is the remainder when (-47)/(-6)*3*2 is divided by 10?
7
Suppose -3*f - 29 = -2*b, -f + 20 - 73 = -4*b. Let w = -17 + 24. Calculate the remainder when b is divided by w.
6
Suppose 0 = -5*b + 3*b - 2*m + 22, b - 4*m + 4 = 0. Calculate the remainder when 28 is divided by 62/6 + b/(-24).
8
Suppose 1 = 4*v + 3*x + 5, 3*v + x = -8. Let m = -107 - -155. Let r = m - v. Calculate the remainder when r is divided by 27.
25
Suppose -62 = x - 104. Suppose -2*q - 12 = -2*r, -2*q + 48 = 5*r - 17. Calculate the remainder when x is divided by r.
9
Let c = -8 + 13. Suppose d + 140 = c*b - 4*d, -2*b - d = -68. Calculate the remainder when b is divided by 11.
10
Let g = -15 - -31. What is the remainder when (-184)/(-6) - (-2)/(-3) is divided by g?
14
Let l = -171 - -281. Let d = -71 + l. Calculate the remainder when d is divided by 14.
11
Suppose 4*n - 4*d - 136 = 0, -3*n - 97 = -6*n + 2*d. Let f = -4 - -4. Suppose -5*h - 26 + 76 = f. What is the remainder when n is divided by h?
9
Suppose -242 = -6*k + 28. What is the remainder when k is divided by 18?
9
Suppose -r = r - 62. Suppose -8 = -k - 2*g, 2*k + 5*g - 16 = -4. Calculate the remainder when r is divided by k.
15
Calculate the remainder when 110 is divided by (35/10 + 0)*8.
26
Let u = 0 + -5. Let r(o) = -6*o + 5. Let k(x) = x**3 - 10*x**2 + 9*x + 12. What is the remainder when r(u) is divided by k(9)?
11
Let l(z) = z - 1. Let u be l(-3). Calculate the remainder when 8 is divided by u/14 + (-44)/(-7).
2
Suppose -3*f - 126 = y, -y - 5*f - 77 = 45. Let z = -84 - y. Suppose -3*p + z = -2*p. What is the remainder when p is divided by 25?
23
Suppose 33 = q + 5*i + 9, 4*q + 5*i - 21 = 0. Calculate the remainder when q/(-1)*29 - -2 is divided by 16.
15
Let b(y) be the first derivative of y**2/2 + 6*y - 1. What is the remainder when b(0) is divided by 10/2*(-12)/(-15)?
2
Suppose y - 5*p - 57 = 0, 91 = 3*y + 3*p - 2*p. Calculate the remainder when y is divided by 1*34*(-1)/(-2).
15
Let q = -8 - -11. Suppose 105 = q*o + 2*o. What is the remainder when 61 is divided by o?
19
Suppose -2*q - 5*m = -58, 4*m + m + 116 = 4*q. Calculate the remainder when 111 is divided by q.
24
Suppose -7*f + 55 = -2*f. Calculate the remainder when 17 is divided by f.
6
Let p(a) = 22*a. Let g(f) = -3*f + 2. Let l be g(-2). Suppose -q = 4*z - l, q + 3*q + 4*z - 32 = 0. Calculate the remainder when p(1) is divided by q.
6
Calculate the remainder when (0 - -4) + 27 + -1 is divided by 16.
14
Let k(g) = -g**2 - 9*g + 15. Calculate the remainder when k(-8) is divided by 8.
7
Suppose -65 = -3*q - 3*b - 8, 5*q - 71 = b. What is the remainder when q is divided by 8 + 2/(-1 - 0)?
3
Let i = -14 + 17. Let p = 31 + -21. What is the remainder when p is divided by i?
1
What is the remainder when 0/(-11) - (-130)/2 is divided by 23?
19
Let k(l) = -l**3 - 3*l**2 + 4*l + 2. Let i be k(-4). Suppose 0 = i*m + 2*f - 18, -3*m + 17 = f + 4*f. Calculate the remainder when 27 is divided by m.
13
Let d(w) = 6*w + 2. Let o be d(3). Calculate the remainder when 13 is divided by (o/2*-1)/(-2).
3
Let a be ((-3)/(-2))/((-14)/(-28)). Let x(z) = -z**3 + 2*z**2 + 5*z - 2. Let l be x(3). What is the remainder when 37 is divided by l*a + 4 + -3?
11
Let f = 0 + 5. Let l(x) = -x**2 + 2*x + 2. Let g be l(2). Suppose h = -3*a, f*a - g*h - 10 = a. What is the remainder when 1 is divided by a?
0
Let l(k) = -k**3 - 10*k**2 + 8*k + 12. Let t = 15 + -26. What is the remainder when l(t) is divided by 16?
13
Calculate the remainder when (-196)/6*54/(-36) is divided by 10.
9
Let v = -1 + 3. What is the remainder when 5 is divided by v?
1
Let f = -195 - -299. Suppose -4*c + 8*c = f. What is the remainder when c is divided by 14?
12
Let f = -4 + 4. Suppose f = 3*a - 2*a - 8. What is the remainder when 13 is divided by a?
5
Suppose -3*s = i - 22, -5*i = 91*s - 92*s + 2. Suppose 45 + 9 = u - 5*q, 4*q = -u + 18. What is the remainder when u is divided by s?
6
Let p be (-6)/8 - 207/(-4). What is the remainder when 1*-1*p/(-3) is divided by 6?
5
Suppose 2*f + 20 = 5*a - 0*f, 3*a = 3*f + 3. Suppose a + 40 = 2*b. What is the remainder when b is divided by 8?
7
Suppose -40 = q - 4*q - h, -4*q - h + 53 = 0. Suppose 9*i = 4*i + 25. What is the remainder when q is divided by i?
3
Suppose 15 = 5*o - 10. Let i(q) = -20*q**3 - q - 1. Let j be i(-1). Let p = 34 - j. Calculate the remainder when p is divided by o.
4
Let m(s) = s**2 - 6*s - 1. Let v(u) = 2*u**3 - 5*u**2 +